nds digit of 3342?
3
What is the hundreds digit of 457?
4
What is the units digit of 12130?
0
What is the units digit of 1669?
9
What is the thousands digit of 5541?
5
What is the units digit of 9482?
2
What is the thousands digit of 3270?
3
What is the thousands digit of 4290?
4
What is the hundreds digit of 322?
3
What is the thousands digit of 1477?
1
What is the hundreds digit of 6545?
5
What is the tens digit of 4134?
3
What is the units digit of 12875?
5
What is the units digit of 2736?
6
What is the hundreds digit of 6926?
9
What is the hundreds digit of 10226?
2
What is the ten thousands digit of 116197?
1
What is the units digit of 54?
4
What is the tens digit of 1399?
9
What is the units digit of 54593?
3
What is the thousands digit of 15801?
5
What is the hundreds digit of 1486?
4
What is the ten thousands digit of 13975?
1
What is the units digit of 2885?
5
What is the hundreds digit of 25269?
2
What is the tens digit of 2048?
4
What is the units digit of 43455?
5
What is the thousands digit of 1479?
1
What is the thousands digit of 2378?
2
What is the units digit of 32392?
2
What is the hundreds digit of 12829?
8
What is the hundreds digit of 8986?
9
What is the ten thousands digit of 49741?
4
What is the hundreds digit of 5284?
2
What is the ten thousands digit of 125263?
2
What is the thousands digit of 52922?
2
What is the tens digit of 8820?
2
What is the thousands digit of 5423?
5
What is the hundreds digit of 661?
6
What is the thousands digit of 34880?
4
What is the units digit of 1645?
5
What is the hundreds digit of 49149?
1
What is the hundreds digit of 6445?
4
What is the hundreds digit of 541?
5
What is the ten thousands digit of 67292?
6
What is the thousands digit of 10620?
0
What is the units digit of 20655?
5
What is the ten thousands digit of 23355?
2
What is the units digit of 4928?
8
What is the ten thousands digit of 41288?
4
What is the units digit of 1784?
4
What is the hundreds digit of 102806?
8
What is the units digit of 2073?
3
What is the thousands digit of 8247?
8
What is the hundred thousands digit of 159313?
1
What is the thousands digit of 5541?
5
What is the tens digit of 2246?
4
What is the thousands digit of 10095?
0
What is the units digit of 2660?
0
What is the hundreds digit of 2569?
5
What is the units digit of 585?
5
What is the units digit of 4685?
5
What is the units digit of 4501?
1
What is the thousands digit of 18905?
8
What is the units digit of 4508?
8
What is the tens digit of 762?
6
What is the thousands digit of 47637?
7
What is the hundreds digit of 6448?
4
What is the thousands digit of 1157?
1
What is the ten thousands digit of 43805?
4
What is the hundreds digit of 4507?
5
What is the ten thousands digit of 17757?
1
What is the tens digit of 29865?
6
What is the tens digit of 653?
5
What is the hundreds digit of 11801?
8
What is the tens digit of 1597?
9
What is the units digit of 5374?
4
What is the tens digit of 1107?
0
What is the hundreds digit of 19293?
2
What is the hundreds digit of 2188?
1
What is the hundreds digit of 9730?
7
What is the tens digit of 3384?
8
What is the hundreds digit of 570?
5
What is the units digit of 5657?
7
What is the tens digit of 1840?
4
What is the units digit of 1121?
1
What is the hundreds digit of 1788?
7
What is the units digit of 243?
3
What is the hundreds digit of 25286?
2
What is the hundreds digit of 22601?
6
What is the hundreds digit of 3774?
7
What is the thousands digit of 2669?
2
What is the units digit of 204?
4
What is the thousands digit of 35633?
5
What is the thousands digit of 7677?
7
What is the units digit of 3561?
1
What is the hundreds digit of 276?
2
What is the hundreds digit of 4225?
2
What is the ten thousands digit of 96908?
9
What is the thousands digit of 2171?
2
What is the ten thousands digit of 86757?
8
What is the hundreds digit of 288?
2
What is the hundreds digit of 36112?
1
What is the ten thousands digit of 64565?
6
What is the thousands digit of 6077?
6
What is the units digit of 54894?
4
What is the hundreds digit of 1309?
3
What is the tens digit of 2336?
3
What is the hundreds digit of 5654?
6
What is the thousands digit of 1651?
1
What is the tens digit of 48?
4
What is the thousands digit of 89069?
9
What is the thousands digit of 10690?
0
What is the tens digit of 1044?
4
What is the units digit of 52665?
5
What is the tens digit of 2187?
8
What is the ten thousands digit of 78579?
7
What is the hundreds digit of 5500?
5
What is the thousands digit of 2462?
2
What is the units digit of 9777?
7
What is the units digit of 34345?
5
What is the thousands digit of 7981?
7
What is the thousands digit of 1661?
1
What is the tens digit of 1162?
6
What is the tens digit of 38126?
2
What is the ten thousands digit of 161194?
6
What is the thousands digit of 4083?
4
What is the hundreds digit of 6041?
0
What is the units digit of 926?
6
What is the hundreds digit of 5822?
8
What is the units digit of 95323?
3
What is the units digit of 41294?
4
What is the thousands digit of 1086?
1
What is the thousands digit of 55488?
5
What is the hundreds digit of 25941?
9
What is the ten thousands digit of 22168?
2
What is the thousands digit of 1129?
1
What is the units digit of 184?
4
What is the hundreds digit of 1508?
5
What is the ten thousands digit of 10059?
1
What is the ten thousands digit of 70686?
7
What is the thousands digit of 2360?
2
What is the units digit of 1802?
2
What is the units digit of 3243?
3
What is the tens digit of 6244?
4
What is the thousands digit of 11295?
1
What is the ten thousands digit of 22397?
2
What is the hundred thousands digit of 113002?
1
What is the units digit of 1760?
0
What is the units digit of 1085?
5
What is the units digit of 3680?
0
What is the hundreds digit of 144585?
5
What is the thousands digit of 8157?
8
What is the hundreds digit of 37917?
9
What is the hundreds digit of 139?
1
What is the hundreds digit of 6432?
4
What is the units digit of 13765?
5
What is the units digit of 9198?
8
What is the hundreds digit of 67962?
9
What is the hundreds digit of 387?
3
What is the units digit of 7332?
2
What is the tens digit of 50273?
7
What is the units digit of 19256?
6
What is the thousands digit of 2390?
2
What is the units digit of 406?
6
What is the tens digit of 497?
9
What is the units digit of 10572?
2
What is the thousands digit of 7949?
7
What is the thousands digit of 71213?
1
What is the tens digit of 95809?
0
What is the tens digit of 2611?
1
What is the tens digit of 82304?
0
What is the units digit of 916?
6
What is the tens digit of 1838?
3
What is the tens digit of 15346?
4
What is the tens digit of 1746?
4
What is the hundreds digit of 2760?
7
What is the thousands digit of 2041?
2
What is the hundreds digit of 354?
3
What is the thousands digit of 4697?
4
What is the units digit of 20144?
4
What is the thousands digit of 95259?
5
What is the units digit of 739?
9
What is the ten thousands digit of 23160?
2
What is the hundreds digit of 4384?
3
What is the thousands digit of 3419?
3
What is the tens digit of 304?
0
What is the units digit of 545?
5
What is the thousands digit of 1606?
1
What is the units digit of 18359?
9
What is the units digit of 8002?
2
What is the thousands digit of 1614?
1
What is the units digit of 12811?
1
What is the units digit of 5290?
0
What is the hundreds digit of 594?
5
What is the hundreds digit of 7570?
5
What is the tens digit of 40745?
4
What is the hundreds digit of 63711?
7
What is the tens digit of 13205?
0
What is the hundreds digit of 28894?
8
What is the tens digit of 1179?
7
What is the hundreds digit of 10176?
1
What is the ten thousands digit of 35349?
3
What is the units digit of 252?
2
What is the units digit of 30447?
7
What is the units digit of 7260?
0
What is the hundreds digit of 84242?
2
What is the hundreds digit of 2010?
0
What is the units digit of 523?
3
What is the hundreds digit of 7634?
6
What is the tens digit of 10181?
8
What is the hundreds digit of 500?
5
What is the ten thousands digit of 30841?
3
What is the thousands digit of 3447?
3
What is the hundreds digit of 17889?
8
What is the tens digit of 7258?
5
What is the thousands digit of 1260?
1
What is the tens digit of 873?
7
What is